{"id":368,"date":"2025-05-08T19:41:04","date_gmt":"2025-05-08T19:41:04","guid":{"rendered":"https:\/\/ingenierosdejujuy.org.ar\/proyecccion\/?page_id=368"},"modified":"2026-05-11T19:40:44","modified_gmt":"2026-05-11T19:40:44","slug":"editorial","status":"publish","type":"page","link":"https:\/\/ingenierosdejujuy.org.ar\/proyeccion123\/editorial\/","title":{"rendered":"Editorial"},"content":{"rendered":"\n<p class=\"has-extra-cat-color-color has-text-color has-link-color has-small-font-size wp-elements-60507e9a4d1c600fc42930e833a821dd\"><strong>Ing. Sergio Guillermo Aramayo<br>Presidente<br>| Colegio de Ingenieros de Jujuy<\/strong><\/p>\n\n\n\n<div class=\"wp-block-columns is-layout-flex wp-container-core-columns-is-layout-28f84493 wp-block-columns-is-layout-flex\">\n<div class=\"wp-block-column is-layout-flow wp-block-column-is-layout-flow\">\n<figure class=\"wp-block-image aligncenter size-full is-resized\"><a href=\"https:\/\/ingenierosdejujuy.org.ar\/proyeccion123\/wp-content\/uploads\/2025\/05\/WhatsApp-Image-2025-05-07-at-19.26.33.jpeg\"><img loading=\"lazy\" decoding=\"async\" width=\"321\" height=\"355\" src=\"https:\/\/ingenierosdejujuy.org.ar\/proyeccion123\/wp-content\/uploads\/2025\/05\/WhatsApp-Image-2025-05-07-at-19.26.33.jpeg\" alt=\"\" class=\"wp-image-369\" style=\"width:269px;height:auto\" srcset=\"https:\/\/ingenierosdejujuy.org.ar\/proyeccion123\/wp-content\/uploads\/2025\/05\/WhatsApp-Image-2025-05-07-at-19.26.33.jpeg 321w, https:\/\/ingenierosdejujuy.org.ar\/proyeccion123\/wp-content\/uploads\/2025\/05\/WhatsApp-Image-2025-05-07-at-19.26.33-271x300.jpeg 271w\" sizes=\"auto, (max-width: 321px) 100vw, 321px\" \/><\/a><\/figure>\n\n\n\n<p align=\"justify\"><span style=\"font-weight: 400;\">Transcurre mayo de 2026 y el avance del a\u00f1o nos encuentra organizando el programa que desarrollaremos durante el Mes de la Ingenier\u00eda. Las dif\u00edciles condiciones que atraviesa la actividad nos obligan a redoblar el esfuerzo institucional para que las distintas ingenier\u00edas nucleadas en el CIJ puedan expresarse y verse reflejadas en cada una de las propuestas previstas.<\/span><\/p>\n\n\n\n<p align=\"justify\"><span style=\"font-weight: 400;\">La guerra desatada tras el ataque de Estados Unidos e Israel contra Ir\u00e1n y el L\u00edbano, en Medio Oriente, somete a toda la humanidad a las consecuencias econ\u00f3micas y sociales que estos conflictos generan. Ning\u00fan pa\u00eds queda al margen del aumento en el precio del petr\u00f3leo ni del encarecimiento del transporte de mercanc\u00edas e insumos. Resulta inaceptable observar c\u00f3mo el conocimiento y la tecnolog\u00eda desarrollados por el hombre son puestos al servicio de intereses imperialistas que disputan el dominio mundial, mientras el costo humano de miles de v\u00edctimas parece no tener relevancia para quienes impulsan estas confrontaciones.<\/span><\/p>\n\n\n\n<p align=\"justify\"><span style=\"font-weight: 400;\">En este contexto internacional, la econom\u00eda nacional parece mostrar una realidad dual y contradictoria.<\/span><\/p>\n\n\n\n<p align=\"justify\"><span style=\"font-weight: 400;\">Por un lado, la macroeconom\u00eda exhibe crecimiento y expansi\u00f3n en sectores como la miner\u00eda, los hidrocarburos, la agroindustria, los servicios financieros y el turismo. Por otro, ramas como la industria manufacturera, el sector automotriz, los minerales no met\u00e1licos, el textil y la producci\u00f3n de maquinaria contin\u00faan sin lograr una recuperaci\u00f3n sostenida. Esta situaci\u00f3n, sumada a la contracci\u00f3n del mercado interno y a la ca\u00edda del salario real, produce una menor recaudaci\u00f3n y termina afectando los fondos coparticipables que reciben las provincias.<\/span><\/p>\n\n\n\n<p align=\"justify\"><span style=\"font-weight: 400;\">En este marco, el Gobierno avanza en su idea de \u201cdestruir el Estado\u201d, algo que, vale decirlo, ya hab\u00eda sido anticipado p\u00fablicamente.<\/span><\/p>\n\n\n\n<p align=\"justify\"><span style=\"font-weight: 400;\">El cierre o desmantelamiento de m\u00e1s de 200 \u00e1reas, organismos y ministerios, junto con la disoluci\u00f3n de la Direcci\u00f3n Nacional de Vialidad (DNV), la Agencia Nacional de Seguridad Vial (ANSV), la Comisi\u00f3n Nacional del Tr\u00e1nsito y la Seguridad Vial (CNTySV), el Instituto Nacional de Agricultura Familiar, Campesina e Ind\u00edgena (INAFCI), el INADI, la ANDIS, la Agencia Regulatoria de la Industria del C\u00e1\u00f1amo y el Cannabis (ARICCAME), el Instituto Nacional de Semillas (INASE), el Fondo Nacional de Desarrollo Productivo (FONDEP) y la Secretar\u00eda de Integraci\u00f3n Socio Urbana (SISU), adem\u00e1s del desfinanciamiento de organismos cient\u00edficos y tecnol\u00f3gicos como el INTI, el INTA, el CONICET, el Servicio Meteorol\u00f3gico Nacional y la Agencia I+D+i, constituyen, seg\u00fan puede observarse, una clara avanzada en ese sentido.<\/span><\/p>\n\n\n\n<p>&nbsp;<\/p>\n\n\n\n<p>&nbsp;<\/p>\n\n\n\n<p><\/p>\n\n\n\n<p><\/p>\n\n\n\n<p><\/p>\n<\/div>\n\n\n\n<div class=\"wp-block-column is-layout-flow wp-block-column-is-layout-flow\">\n<p align=\"justify\"><span style=\"font-weight: 400;\">La consecuencia inmediata de estas medidas es la p\u00e9rdida de empleo de miles de trabajadores de esos organismos. Esto, sumado a la ca\u00edda del poder adquisitivo de los salarios, explica la retracci\u00f3n del consumo interno y el cierre o quiebra de m\u00e1s de 24 mil empresas, entre ellas algunas emblem\u00e1ticas como Fate, Alba, Whirlpool, Georgalos, Electrolux y Otito. Otras firmas, como Ferrum, FV y Papelera Paysand\u00fa, han paralizado su producci\u00f3n. En el sector de la construcci\u00f3n tambi\u00e9n se registran fuertes impactos: empresas como Acindar y Cerro Negro redujeron actividad, cay\u00f3 la producci\u00f3n de cemento y asfalto, y el sector acumula 15 meses consecutivos de retracci\u00f3n, con una disminuci\u00f3n cercana al 22 % en los \u00faltimos dos a\u00f1os.<\/span><\/p>\n<p align=\"justify\"><span style=\"font-weight: 400;\">En este mismo escenario avanzan quienes pretenden desregular el ejercicio profesional en el pa\u00eds y que, bajo el argumento de supuestos sobrecostos, ponen en duda la existencia de los colegios profesionales y su funci\u00f3n en el control de la matr\u00edcula y del ejercicio profesional. En este sentido, tampoco contribuye la negativa de muchos funcionarios provinciales a hacer cumplir la Ley 4430.<\/span><\/p>\n<p align=\"justify\"><span style=\"font-weight: 400;\">El Colegio de Ingenieros de Jujuy ha demostrado, a lo largo de su historia, que las funciones otorgadas por su ley de creaci\u00f3n fueron y contin\u00faan siendo cumplidas no solo en beneficio de los ingenieros, sino tambi\u00e9n de toda la sociedad. El avance de las obras correspondientes a las soluciones habitacionales para ingenieros en Barrio Norte y el reciente convenio firmado con las C\u00e1maras Argentina y Juje\u00f1a de la Construcci\u00f3n y el Colegio de Profesionales de la Arquitectura y Urbanismo constituyen una nueva muestra de la vocaci\u00f3n institucional de generar condiciones para que, mediante el conocimiento profesional, el desarrollo de proyectos y la planificaci\u00f3n de infraestructura, los juje\u00f1os puedan mejorar su calidad de vida. Del mismo modo, el convenio con Neurona, que posibilita contar con un espacio de coworking para matriculados, y el inicio del Profesorado en Docencia Superior en alianza con la Universidad Tecnol\u00f3gica Nacional representan nuevas acciones orientadas al fortalecimiento profesional.<\/span><\/p>\n<p align=\"justify\"><span style=\"font-weight: 400;\">A pesar de las restricciones impuestas por la falta de obra p\u00fablica y la baja actividad del sector, el Colegio contin\u00faa invirtiendo y mejorando las instalaciones de su sede para que la Casa de los Ingenieros cuente con la infraestructura adecuada para el uso de los y las profesionales. Entre las mejoras realizadas se destacan la adquisici\u00f3n de una nueva pantalla para proyecciones y equipamiento de sonido, el recambio de la cubierta del techo, la instalaci\u00f3n de nuevos equipos de aire acondicionado, el mejoramiento del ascensor, la reutilizaci\u00f3n de espacios de la galer\u00eda, el tendido de ductos para el sistema inform\u00e1tico y la incorporaci\u00f3n de un nuevo sistema de administraci\u00f3n contable y administrativa.<\/span><\/p>\n<p align=\"justify\"><span style=\"font-weight: 400;\">Finalmente, desde esta p\u00e1gina queremos convocar e invitar a los ingenieros e ingenieras matriculados en el CIJ a ser protagonistas activos del programa que desarrollaremos durante el Mes de la Ingenier\u00eda.<\/span><\/p>\n<\/div>\n<\/div>\n","protected":false},"excerpt":{"rendered":"<p>Ing. Sergio Guillermo AramayoPresidente| Colegio de Ingenieros de Jujuy Transcurre mayo de 2026 y el avance del a\u00f1o nos encuentra organizando el programa que desarrollaremos durante el Mes de la Ingenier\u00eda. Las dif\u00edciles condiciones que atraviesa la actividad nos obligan a redoblar el esfuerzo institucional para que las distintas ingenier\u00edas nucleadas en el CIJ puedan&#8230;<\/p>\n","protected":false},"author":2,"featured_media":0,"parent":0,"menu_order":0,"comment_status":"closed","ping_status":"closed","template":"","meta":{"_monsterinsights_skip_tracking":false,"_monsterinsights_sitenote_active":false,"_monsterinsights_sitenote_note":"","_monsterinsights_sitenote_category":0,"_uf_show_specific_survey":0,"_uf_disable_surveys":false,"footnotes":""},"class_list":["post-368","page","type-page","status-publish","hentry"],"aioseo_notices":[],"_links":{"self":[{"href":"https:\/\/ingenierosdejujuy.org.ar\/proyeccion123\/wp-json\/wp\/v2\/pages\/368","targetHints":{"allow":["GET"]}}],"collection":[{"href":"https:\/\/ingenierosdejujuy.org.ar\/proyeccion123\/wp-json\/wp\/v2\/pages"}],"about":[{"href":"https:\/\/ingenierosdejujuy.org.ar\/proyeccion123\/wp-json\/wp\/v2\/types\/page"}],"author":[{"embeddable":true,"href":"https:\/\/ingenierosdejujuy.org.ar\/proyeccion123\/wp-json\/wp\/v2\/users\/2"}],"replies":[{"embeddable":true,"href":"https:\/\/ingenierosdejujuy.org.ar\/proyeccion123\/wp-json\/wp\/v2\/comments?post=368"}],"version-history":[{"count":9,"href":"https:\/\/ingenierosdejujuy.org.ar\/proyeccion123\/wp-json\/wp\/v2\/pages\/368\/revisions"}],"predecessor-version":[{"id":1244,"href":"https:\/\/ingenierosdejujuy.org.ar\/proyeccion123\/wp-json\/wp\/v2\/pages\/368\/revisions\/1244"}],"wp:attachment":[{"href":"https:\/\/ingenierosdejujuy.org.ar\/proyeccion123\/wp-json\/wp\/v2\/media?parent=368"}],"curies":[{"name":"wp","href":"https:\/\/api.w.org\/{rel}","templated":true}]}}